rivative of v(l). Calculate j(-7).
6
Let t(r) be the third derivative of 1/3*r**4 + 1/60*r**5 + 0*r - 76*r**2 + 1/6*r**3 + 0. Calculate t(-7).
-6
Let w(u) = -u**2 - 15*u + 37. Let h be w(-17). Let t(k) = -k**2 + 3*k. Let p be t(h). Let o(d) = p*d + d**2 + 1 + 0 - 3*d**2 + 4*d. Give o(4).
-15
Let s(b) = b**2 - 14*b + 2. Let f(r) = 3*r**2 - 41*r + 5. Let i(t) = -6*f(t) + 17*s(t). What is i(12)?
-44
Let s = 72 + -69. Let o(t) = -10*t**3 + 7*t + 8*t**2 - t**2 + 9*t**s. Let a = -3 - -11. Determine o(a).
-8
Let a(w) = 258*w**2 + 74*w + 230. Let y(l) = -91*l**2 - 25*l - 77. Let i(g) = 6*a(g) + 17*y(g). What is i(-15)?
11
Let a be (-2046)/(-462) + 10/(-7). Let u(h) be the first derivative of h + 22 - 10/3*h**a - h**2. Determine u(1).
-11
Let c(w) be the first derivative of w**4/4 + 10*w**3 - 3*w**2/2 - 93*w - 2095. Determine c(-30).
-3
Let t(x) be the first derivative of 6 - 2/3*x**3 + x**2 + x. What is t(2)?
-3
Let b(p) be the first derivative of 2*p**3/3 - 7*p**2/2 - 7*p - 303. Calculate b(6).
23
Suppose 4*t - 5*t + 3 = 0. Let k be (4/5)/(t/15). Suppose -b = -2*b + 3*a - 10, k*b = 5*a - 5. Let y(g) = -g**3 + 4*g**2 + 8*g - 6. What is y(b)?
9
Let d(s) = -s**2 - 6*s + 17. Suppose -39*j = -41*j + 24. Let t be 9/j - 0 - (-315)/(-36). Calculate d(t).
1
Let x(t) = 1. Let b(o) = 9*o - 4. Let c(n) = b(n) + 4*x(n). Let q = -8 + 11. Suppose 4*r - 19 = -3*a, -5*a + q*r - 8 = -a. Give c(a).
9
Let n(t) = -2*t - 14. Suppose -3*r - r + 16 = 0. Let x be n(r). Let z = -29 - x. Let a(v) = -v**3 - 7*v**2 + v - 7. Give a(z).
-14
Let l(s) be the second derivative of -s**5/20 - 5*s**4/12 + s**3/6 - 9*s**2 + 4288*s. What is l(-5)?
-23
Let w(h) = -h**3 + 7*h**2 - 6*h + 1. Let p = -163 + 161. Let q be ((-2)/4)/((-5)/(-25))*p. Determine w(q).
21
Let c(n) = -n**2 - n + 3*n - 9*n - 3. Let j be -1*(-320)/16 - 26. Calculate c(j).
3
Let b(j) = 4*j**2 - 8*j**2 - 6*j**2. Let o(y) = -y**2 - 2*y + 9. Let w be o(4). Let t be (-12)/w - 2/(-10). Give b(t).
-10
Let o be 9925/15 - 4*2/12. Let u = 658 - o. Let b(j) = -4*j**2 + 3*j - 1. Calculate b(u).
-46
Let g = -3884 + 3889. Let m(n) = -n**3 + n**2 + 2*n + 3. Calculate m(g).
-87
Let n = -12 - -6. Let w be ((-1 + 0)*5)/(6 + -7). Let k(z) = 7*z**2 + z**3 + z - z**2 - w*z**2 + 5*z**2 - 7. Give k(n).
-13
Let r(n) = 4*n - 157. Let t = 2619 + -2584. Calculate r(t).
-17
Let u(g) = -12*g**2 + 13. Let q be (-1)/((-25)/10 + -2)*(-108)/(-8). What is u(q)?
-95
Suppose -60 = -z - 4*z. Suppose 4*k + z = -5*v, -5*k + 30 = -5*v - 0. Suppose -k*m = -d + 2*m - 1, -5*d + 3*m = -12. Let u(i) = -i**2 + i + 4. Calculate u(d).
-2
Let q(m) = -m**2 - 7*m + 4. Let x be (5 + 120/(-16))*16/(-10). Let t(l) = -l**2 - 6*l + 33. Let r be t(x). Give q(r).
4
Let x = -118 - -49. Let b = 75 + x. Let l(p) be the second derivative of p**4/12 - 5*p**3/6 - 5*p**2/2 + p. Give l(b).
1
Let o(v) = 63*v - 31*v + 63*v - 97*v. Let t(f) = -f**3 - 6*f**2 + 6. Let j be t(-6). Calculate o(j).
-12
Let g(i) = -3*i + 53. Suppose 0 = 4*o + 2*t - 60, -2*t - 24 = 90*o - 92*o. Determine g(o).
11
Let b(n) = n**2 - n - 1. Let f be b(-4). Let m = 19 - f. Let x(l) = 153 - 154 - l + m*l. Give x(1).
-2
Let r(a) = -11*a - 629. Let x be r(-57). Let l(p) = 5*p. Give l(x).
-10
Let t(c) = c**2 - 6*c - 2. Suppose 5*u + 5 = 2*d, -4*u + 6 = 2*d - 8*u. Suppose -4*p + p + 3*q = -3, -5*p - d*q + 45 = 0. Give t(p).
-7
Let y(p) be the first derivative of -p**5/30 - p**4/8 - 17*p**3 - 33. Let k(g) be the third derivative of y(g). Determine k(-6).
21
Let y = -28717 + 28722. Let p = -7 + 12. Let a(c) = -3*c + 2*c + c**2 + 6 - p*c. Determine a(y).
1
Let d(n) = -3*n**2 + 105*n + 30. Let g(p) = 3*p**2 - 205*p - 56. Let c(x) = 5*d(x) + 2*g(x). What is c(13)?
12
Let z(c) = -7*c**3 + 4*c**2 + 7*c + 15. Let h(w) = -3*w**3 + 2*w**2 + 3*w + 7. Let t(l) = 5*h(l) - 2*z(l). Let x(r) = -r + 6. Let j be x(3). Calculate t(j).
-1
Suppose -4*d = 5*a - 26 + 5, -2*d = 3*a - 11. Suppose -b - 114 + 122 = -4*t, d*b + 31 = -5*t. Let p(f) = -8*f - 3. Calculate p(t).
21
Let n(u) = -840*u + 2519. Let m be n(3). Let h(w) = 6*w**3 + 3 - 2*w**3 - 4 - 16*w**3. Give h(m).
11
Let r = 172 - 166. Suppose 5*m + 2*s = 22, r*m = m - 5*s + 25. Let c(l) = -l**2 - 2*l + 5. Determine c(m).
-19
Let a(g) = 8*g - 20. Let t(d) = -8*d + 21. Let c(w) = w + 1. Let z(m) = -2*c(m) + t(m). Let v(i) = -6*a(i) - 5*z(i). Calculate v(-14).
-3
Let b(s) be the first derivative of s**4/4 - s**3/3 + 2*s + 542. Suppose 2 = 2*o + 6. Give b(o).
-10
Let m(h) be the second derivative of -h**3/6 - 5*h**2 - 3*h - 83. What is m(-22)?
12
Let p be ((-1)/(-8) - (-510)/(-240)) + -8. Let s be -2*((-12)/2 - p). Let n(k) = -2*k - 5. What is n(s)?
11
Let s be (-2290)/(-20) - (-3)/2. Let y(u) = -116*u + 15 - 2*u**3 + s*u + 3*u**3. Determine y(0).
15
Let z(u) = 50*u - 8. Let y(i) = -12*i + 2. Suppose -86 = 4*w - 94. Let j(v) = w*z(v) + 9*y(v). Determine j(1).
-6
Let q(w) = w**2 - 2*w**2 + 10 + 2*w**2 - 9*w. Let d be (6/(-10))/(((-7626)/1435)/62). What is q(d)?
-4
Let u be 21/1*(-25 - 444/(-18)). Let b(p) = -p + 5. Let o(m) = -3*m + 15. Let i(n) = -17*b(n) + 6*o(n). Give i(u).
12
Let f be 1*2 - (121 - 124). Let o(j) = j**2 - 10*j + 7. Give o(f).
-18
Let m(l) = 7*l**2 + 3*l + 11. Let r(k) = -3*k**2 - 2*k - 5. Let o(f) = -4*m(f) - 9*r(f). Let n be 243/24 + 6/(-48). Let h be 14/(-10)*-3 - 2/n. Determine o(h).
9
Let u(d) be the second derivative of d**4/12 + 29*d**3/6 + 155*d**2/2 + 1913*d. Give u(-7).
1
Suppose 0 = -0*w + 5*w + 10. Let q(a) be the second derivative of -2*a**3/3 - 31148*a. Determine q(w).
8
Let b(n) = 5*n - 3. Let l(c) = c - 6. Let z(i) = -3*i + 32. Let f be z(7). Let s be l(f). What is b(s)?
22
Let f = -2733 - -2748. Let i(o) = -o**3 + 15*o**2 - 2*o + 27. Calculate i(f).
-3
Let l(u) = 39*u**3 + 2*u - 1. Let r = -5948 - -5949. Calculate l(r).
40
Let r(v) be the second derivative of 2*v + 7/120*v**5 - 1/4*v**4 + 0*v**2 + 0*v**3 + 1/720*v**6 + 0. Let f(t) be the third derivative of r(t). What is f(-4)?
3
Let y(q) = 7*q + 90. Let m(a) = 2*a**3 - a**2 - 66*a - 130. Let i be m(-4). Calculate y(i).
20
Let y = -4 - -6. Let h(r) = 1 - 3*r**2 + r**3 + 9*r - 13*r + y + 3*r. What is h(3)?
0
Let a(u) = 3*u**2 + 12*u - 5. Let y(r) = 4*r**2 + 13*r - 6. Let h(t) = 3*a(t) - 2*y(t). Let n be 42/56 + 46/(-8). Determine h(n).
-28
Let r be ((-1)/7)/((-10)/70). Let k(c) = -4*c**2 + 7*c + 14. Let m(q) = q**2 + q. Let l(p) = r*k(p) + 3*m(p). Determine l(11).
3
Let j(o) = 7*o**2 + 2216*o + 8745. Let w be j(-4). Let v(n) = -1 + 7 + n**2 + 9*n - 2. What is v(w)?
-10
Let l(c) = -c**2 + 2*c + 17. Let k(z) = z**3 - 3*z**2 - 174*z + 519. Let s be k(3). What is l(s)?
2
Suppose 44 + 40 - 14 = -35*y. Let h(n) = n + 21. What is h(y)?
19
Let f(u) = 20 - 19 + 2*u + 1 - 4*u**2 - 3 + 0. Suppose -3*p + 9 = -0. Suppose 2 + 6 = 4*v, -w - p*v = -7. What is f(w)?
-3
Let y(d) = -2*d**2 - d - 1. Suppose -5 = -5*f, -3*b + 0*f + 41 = 5*f. Suppose -b*p = -15*p + 24. Let k be (-4)/3 + (16/(-3))/p. Calculate y(k).
-7
Let l(h) be the third derivative of -2 - 6*h**2 + 1/6*h**3 + 0*h - 3/8*h**4 - 1/60*h**5. Determine l(-8).
9
Let w(n) be the first derivative of 10*n**2 + 117*n - 1965. Calculate w(-6).
-3
Let d(v) be the third derivative of 6*v**2 + 1/8*v**4 + 3/20*v**5 + 3/2*v**3 + 0 - v + 1/120*v**6. Determine d(-9).
-18
Let p(l) be the second derivative of -3*l**3/2 + l**2 + 6341*l. Calculate p(1).
-7
Suppose -8*f + 780 = -20*f. Let a = 54 + f. Let s(y) = y**3 + 12*y**2 + 12*y + 2. What is s(a)?
-9
Let d(k) = -k**2 - k + 6. Suppose 3*s = -a + 6*s + 25, -4*s = -2*a + 40. Suppose -25*i = a + 65. Determine d(i).
0
Let t(k) = 5*k**2 + k + 2. Let v be t(-1). Let d(f) = f**2 + 10*f + 3. Let h be d(-10). Let z be (v/15)/(h/(-30)). Let u(i) = -2*i + 5. Determine u(z).
13
Let k be 1*(-6 + (-221 - 0)). Let l = k + 218. Let u(c) be the second derivative of -c**4/12 - 5*c**3/3 + 9*c**2/2 - 2*c. What is u(l)?
18
Let i(a) = -a**3 - 61*a**2 - 512*a - 3. Let s be i(-10). Let f(r) = 8*r - 146. Give f(s).
-10
Let r(i) = i**3 + 5*i**2 - 4*i + 12. Suppose -u - 148 = -151. Suppose 3*c + 4*d + 14 = 0, -u*c - 77*d + 78*d = 19. Give r(c).
0
Let w be (-34)/(-4) + (-54)/(-36). Let c(r) = w*r + 6 + 2*r - 13*r. Suppose 3*t - 4 = -2*l, 4*l - 6 = t + 16. Give c(l).
1
Let y(l) = 2*l - 11. Let p be 10 + (-5 - 9 - -9). What is y(p)?
-1
Let h be 13 - (3 - 2 